- 9*s + 3*s - r. What are the prime factors of b(-10)?
53
Let i = 58 + -122. Let u be ((-168)/308)/((-1)/11). What are the prime factors of u/(-9) - i/6?
2, 5
Suppose 4342 - 1092 = 13*w. What are the prime factors of w?
2, 5
Let a be 1*86*1 + -1. Suppose 1344 = -30*b + 6*b. Let g = a + b. What are the prime factors of g?
29
What are the prime factors of (-1168)/(-3 - 42/(-18))?
2, 3, 73
Let f = -88 - -61. Let b = f + 78. What are the prime factors of b?
3, 17
Let u(z) = -z**2 - 12*z - 16. Let l be u(-7). Suppose 8*t - l = 341. What are the prime factors of t?
3, 5
Suppose 2*y + 16 - 5 = -5*r, 2*y = 3*r - 3. Let j = y - -58. List the prime factors of j.
5, 11
Suppose -4*j + 10406 + 3982 = 0. What are the prime factors of j?
3, 11, 109
Let b be 18/8 + (-6)/24. Suppose -42 = -b*h + 10. What are the prime factors of h?
2, 13
Let k = 44 - 0. Let z = k + -26. List the prime factors of z.
2, 3
Let b(c) = 11*c**2 - 3*c + 2. Let d be b(2). Suppose -6*t + 3*i = -2*t + 58, -2*t = 4*i + d. What are the prime factors of (-3 - t) + (3 - 1)?
3, 5
Let m(h) = 5*h**2 - 56*h + 9. What are the prime factors of m(15)?
2, 3, 7
Suppose -4*p - 5 = -g, 3*g - 5*p - 45 + 16 = 0. Let b(s) = 3*s + 58. What are the prime factors of b(g)?
97
Suppose -5*b = 5*t + 54 + 16, -6 = -2*b. Let j = t + 130. List the prime factors of j.
113
What are the prime factors of 424/1484 + 3/7*886?
2, 5, 19
Let q(d) = -3*d - 33. Let k be (-8)/(-4)*(-8 + 3/3). List the prime factors of q(k).
3
Let f(l) = -79*l**3 + l**2 - 7*l - 2. List the prime factors of f(-3).
2161
Suppose 2*y - 16 = 3*c, 2*c + 1 = -2*y - 3. Suppose 4*r + 3*t = 24, -4*r + 7*r + y*t - 17 = 0. Suppose r*p = 2*p + 26. List the prime factors of p.
2, 13
Suppose -2*d + 11 = -m, 0 = m + 3*m + 2*d + 54. Let j = 13 + m. Let l(g) = g**2 + 32. List the prime factors of l(j).
2
Suppose -24 = -6*t - 6. Let j = 6 - t. List the prime factors of j.
3
Suppose 2550 = 133*b - 127*b. What are the prime factors of b?
5, 17
Suppose 0*y + y = 4. Suppose 8 = y*b - 2*b. Suppose b*g - 100 = -0*g. List the prime factors of g.
5
Let y = -20 + -21. Let i = 60 + y. List the prime factors of i.
19
What are the prime factors of 28*-92*(2/14 - 1)?
2, 3, 23
Let j be (-190)/(-40) - 1/(-4). Suppose 5*w = -2*q + 303, -w - j*q - 310 = -6*w. What are the prime factors of w?
61
Let a(j) = -j**2 + 22. Let o be a(-18). Let m = 431 + o. What are the prime factors of m?
3, 43
Let a(z) = 10*z**2 + 4*z - 5. What are the prime factors of a(-7)?
457
Suppose -4*z + 12 = -0. Suppose -421 = -z*f - 19. What are the prime factors of f?
2, 67
Let n = -11 + 11. Suppose n*m - 6*m = -30. What are the prime factors of m?
5
Let z be (3/(-2))/((-12)/112). Let g(l) = 9*l - 15*l**2 + 2*l**3 - l**3 + 6*l + 6. What are the prime factors of g(z)?
2, 5
Let v = -130 + 100. Suppose -r + 38 = -3*s, 0*s = 4*s - 4*r + 48. Let g = s - v. List the prime factors of g.
17
Suppose 0*n - 3*n + 2*f = -29, 0 = 3*n + 5*f - 1. Suppose 0 = n*r + 102 - 1222. List the prime factors of r.
2, 5
Let z(t) = 2*t**2 - 14*t + 12. Let n be z(9). Suppose -93 = -4*s + 3*v, -5*s - 5*v = -173 + n. What are the prime factors of s?
2, 3
Let z be (3 - 15/6)*-4. Let i be 5 - 4 - (-4)/z. List the prime factors of (2 + -3)/(i/8).
2
Suppose -2 = -2*v + 4. Let k be (-6)/9 + (-70)/v. What are the prime factors of ((-1)/(-3))/((-4)/k)?
2
Let r = 634 - -2276. List the prime factors of r.
2, 3, 5, 97
Let o(p) = -p**3 - 11*p**2 - 14*p - 12. Let g be o(-10). Let s = -1 + -17. Let d = s + g. List the prime factors of d.
2, 5
Let p = -262 + 172. Let l be 3/1 - p/5. Let t = l + 30. What are the prime factors of t?
3, 17
Let a(j) = 5*j**3 - j**2 + 2*j - 1. Let l be a(1). What are the prime factors of (l + 125/(-15))*258/(-5)?
2, 43
Let y(z) be the first derivative of 4*z**3/3 - 4*z**2 - 9*z - 10. List the prime factors of y(5).
3, 17
Suppose -5*u + u = -3*f + 487, u + 333 = 2*f. Suppose 167 = 4*d - f. What are the prime factors of d?
2, 3, 7
Let j = -127 - -238. Suppose -j = -5*g + 39. List the prime factors of (-2 - g)/(1/(-1)).
2
Suppose 1145 + 3547 = 6*c. List the prime factors of c.
2, 17, 23
Suppose 457 + 2018 = 5*z. Suppose -2*b - 4*j = -5*b + z, 825 = 5*b + 5*j. What are the prime factors of b?
3, 5, 11
Let m = -339 + 158. Let d = m + 282. List the prime factors of d.
101
Let r = -84 - -991. What are the prime factors of r?
907
Let m(c) = c**3 - c**2 - 8. Let q be m(6). Suppose -q = -0*y - 4*y. List the prime factors of y.
43
Let i(d) = d**2 + 3*d - 6. Let x be i(-5). Suppose -2*j + 2 = 2*n, 2*n - x*j = -3*j + 17. List the prime factors of (n/(-1))/((-6)/9).
3
Suppose 3845 = 5*c + 6*d - 3*d, -15 = 3*d. List the prime factors of c.
2, 193
Suppose -2*k + 1645 - 89 = 0. List the prime factors of k.
2, 389
Let c be (-3 - 2)*1 - -7. Suppose -3*f - 5*u = -2*f - 85, c*f - 2*u - 218 = 0. What are the prime factors of f?
3, 5, 7
Suppose -414*r + 433*r - 68780 = 0. List the prime factors of r.
2, 5, 181
Suppose 0 = -4*j + 40 + 244. Let v = j + -25. What are the prime factors of v?
2, 23
Let b = 94 - -134. What are the prime factors of b?
2, 3, 19
Let g = -307 - -861. Suppose -4*w = -g - 250. List the prime factors of w.
3, 67
What are the prime factors of 1711/((325/(-26))/(-25))?
2, 29, 59
Suppose 2*d = -3*s + 16, -4*d = -0*s - 2*s. Let t(o) = 3*o**3 + 3*o**2 - 5*o + 11. List the prime factors of t(s).
3, 7, 11
Let f be (-110)/(-4)*(-36)/15. Let v = 33 + -67. Let x = v - f. List the prime factors of x.
2
Let r(w) = -42*w**2 - 8*w - 8. Let b(x) = -43*x**2 - 7*x - 7. Let h(t) = -4*b(t) + 3*r(t). List the prime factors of h(-2).
2, 3, 5
Suppose 0 = -o + 4*o. Let b be 3*((-2 - o) + 3). Suppose -b*p + 4*p = 4*g - 32, 5*g = -2*p + 27. What are the prime factors of g?
7
Suppose -4*h + 4*p - 32 = -8*h, 2*h + 12 = 5*p. Let y = h - -41. Suppose n - 4*n = -y. List the prime factors of n.
3, 5
Let f(x) = 5 + 7 + 10*x - 2 - 2. Suppose 0*b - 2*b - 4*t = -32, t = -5*b + 35. What are the prime factors of f(b)?
2, 17
Let p = 87 - 87. Suppose p = 3*j + 4*l - 469, 0 = 5*j - l - 3*l - 835. What are the prime factors of j?
163
Let w(q) = 4*q**3 - q**2. Let z be w(1). What are the prime factors of 149 + -1 + z + 1*-2?
149
Let f = -1235 + 2385. List the prime factors of f.
2, 5, 23
Let u(r) = -r**2 - 11*r + 17. Let d be u(-13). Let b(n) = -n**3 - 9*n**2 - 9*n + 22. What are the prime factors of b(d)?
103
Let y = -611 - -1006. List the prime factors of y.
5, 79
Suppose 0 = 66*o - 65*o + 2*w - 342, -4*w - 1696 = -5*o. List the prime factors of o.
2, 5, 17
Let d(r) = r**2 - 6*r - 5. Let l be d(7). Suppose 26 = -l*j + 4*j. What are the prime factors of (-3)/2*-2 + j?
2
Suppose 0 = 2*a - 199 - 931. Suppose -a = 3*i - 1468. List the prime factors of i.
7, 43
Let i(n) = -100*n - 80. What are the prime factors of i(-6)?
2, 5, 13
What are the prime factors of (234/130)/((-1)/(-185))?
3, 37
Let t be (-60)/3*(-7 - -3)/16. Suppose -2 = -2*l + 4, -t*q - 3*l = -1164. List the prime factors of q.
3, 7, 11
Suppose -5*h - 26 = -b - 0*h, 3*b = -4*h - 17. Let y(u) = 3*u - 52. Let r be y(14). Let w = b - r. What are the prime factors of w?
11
What are the prime factors of ((-40)/24)/(1/(-2757))?
5, 919
Let f(k) = k**3 - 11*k**2 + 9. Suppose -3*q - w + 30 = 1, -4*q - 2*w = -36. What are the prime factors of f(q)?
3
Let s be (15/(-12))/((-7)/504). Let i = s - 23. List the prime factors of i.
67
Let t = 8 + -8. Suppose -2*x = 3*k + k - 258, -4*k + 3*x + 233 = t. What are the prime factors of k?
2, 31
Let o be 26/6 + 2/(-6). Suppose 4*d - 3*d = o*n - 44, 4*d = -n - 6. List the prime factors of n.
2, 5
Let x = 853 + 80. List the prime factors of x.
3, 311
Suppose 0 = -584*c + 563*c + 58527. What are the prime factors of c?
3, 929
Let a(x) = 2*x**3 - 13*x**2 + 24*x + 31. What are the prime factors of a(7)?
2, 31
Let f(u) = -6*u. Let n be 276/(-84) + (-1 - (-9)/7). List the prime factors of f(n).
2, 3
Let w(x) = 63*x - 860. List the prime factors of w(18).
2, 137
Let a be 5*1 - (21 + -19). Suppose 2*b + 4*u - 236 = 0, 0*b + u = a*b - 319. List the prime factors of b.
2, 3
Let n(z) = -8*z + 9. Let d be n(-5). Let u be (d/14)/((-1)/(-4)). What are the prime factors of (u/(-21))/(2/(-33))?
11
Let p = 16 + -14. Suppose 3*i + 14 = p*o, 4*o + i + 8 = -2*i. Suppose -o = -y, y - 2*y + 113